{"id":346,"date":"2024-01-30T01:52:36","date_gmt":"2024-01-30T00:52:36","guid":{"rendered":"https:\/\/lamiebiere.com\/?post_type=product&#038;p=346"},"modified":"2026-04-26T12:40:18","modified_gmt":"2026-04-26T10:40:18","slug":"la-mie-blanche-x12","status":"publish","type":"product","link":"https:\/\/lamiebiere.fr\/index.php\/produit\/la-mie-blanche-x12\/","title":{"rendered":"La Mie &#8211; Blanche x12"},"content":{"rendered":"<p>Notre bi\u00e8re blanche se d\u00e9guste bien fra\u00eeche et saura sublimer vos journ\u00e9es ensoleill\u00e9es. Ses ar\u00f4mes d\u2019agrumes et ses saveurs acidul\u00e9es se marieront parfaitement avec les ap\u00e9ritifs en famille ou entre copains. De l\u00e9g\u00e8res notes de c\u00e9r\u00e9ales se feront sentir en arri\u00e8re bouche.<\/p>\n","protected":false},"excerpt":{"rendered":"<p>Notre bi\u00e8re blanche se d\u00e9guste bien fra\u00eeche et saura sublimer vos journ\u00e9es ensoleill\u00e9es. Ses ar\u00f4mes d\u2019agrumes et ses saveurs acidul\u00e9es [&hellip;]<\/p>\n","protected":false},"featured_media":941,"comment_status":"open","ping_status":"closed","template":"","meta":{"site-sidebar-layout":"default","site-content-layout":"","ast-site-content-layout":"default","site-content-style":"default","site-sidebar-style":"default","ast-global-header-display":"","ast-banner-title-visibility":"","ast-main-header-display":"","ast-hfb-above-header-display":"","ast-hfb-below-header-display":"","ast-hfb-mobile-header-display":"","site-post-title":"","ast-breadcrumbs-content":"","ast-featured-img":"","footer-sml-layout":"","theme-transparent-header-meta":"default","adv-header-id-meta":"","stick-header-meta":"","header-above-stick-meta":"","header-main-stick-meta":"","header-below-stick-meta":"","astra-migrate-meta-layouts":"set","ast-page-background-enabled":"default","ast-page-background-meta":{"desktop":{"background-color":"var(--ast-global-color-4)","background-image":"","background-repeat":"repeat","background-position":"center center","background-size":"auto","background-attachment":"scroll","background-type":"","background-media":"","overlay-type":"","overlay-color":"","overlay-gradient":""},"tablet":{"background-color":"","background-image":"","background-repeat":"repeat","background-position":"center center","background-size":"auto","background-attachment":"scroll","background-type":"","background-media":"","overlay-type":"","overlay-color":"","overlay-gradient":""},"mobile":{"background-color":"","background-image":"","background-repeat":"repeat","background-position":"center center","background-size":"auto","background-attachment":"scroll","background-type":"","background-media":"","overlay-type":"","overlay-color":"","overlay-gradient":""}},"ast-content-background-meta":{"desktop":{"background-color":"var(--ast-global-color-5)","background-image":"","background-repeat":"repeat","background-position":"center center","background-size":"auto","background-attachment":"scroll","background-type":"","background-media":"","overlay-type":"","overlay-color":"","overlay-gradient":""},"tablet":{"background-color":"var(--ast-global-color-5)","background-image":"","background-repeat":"repeat","background-position":"center center","background-size":"auto","background-attachment":"scroll","background-type":"","background-media":"","overlay-type":"","overlay-color":"","overlay-gradient":""},"mobile":{"background-color":"var(--ast-global-color-5)","background-image":"","background-repeat":"repeat","background-position":"center center","background-size":"auto","background-attachment":"scroll","background-type":"","background-media":"","overlay-type":"","overlay-color":"","overlay-gradient":""}}},"product_cat":[20],"product_tag":[],"class_list":{"0":"post-346","1":"product","2":"type-product","3":"status-publish","4":"has-post-thumbnail","6":"product_cat-pack","7":"desktop-align-left","8":"tablet-align-left","9":"mobile-align-left","11":"first","12":"instock","13":"sale","14":"product-type-simple"},"yoast_head":"<!-- This site is optimized with the Yoast SEO plugin v22.2 - https:\/\/yoast.com\/wordpress\/plugins\/seo\/ -->\n<title>La Mie - Blanche x12 - LA MIE - Bi\u00e8re au pain<\/title>\n<meta name=\"robots\" content=\"index, follow, max-snippet:-1, max-image-preview:large, max-video-preview:-1\" \/>\n<link rel=\"canonical\" href=\"https:\/\/lamiebiere.fr\/index.php\/produit\/la-mie-blanche-x12\/\" \/>\n<meta property=\"og:locale\" content=\"fr_FR\" \/>\n<meta property=\"og:type\" content=\"article\" \/>\n<meta property=\"og:title\" content=\"La Mie - Blanche x12 - LA MIE - Bi\u00e8re au pain\" \/>\n<meta property=\"og:description\" content=\"Notre bi\u00e8re blanche se d\u00e9guste bien fra\u00eeche et saura sublimer vos journ\u00e9es ensoleill\u00e9es. Ses ar\u00f4mes d\u2019agrumes et ses saveurs acidul\u00e9es [&hellip;]\" \/>\n<meta property=\"og:url\" content=\"https:\/\/lamiebiere.fr\/index.php\/produit\/la-mie-blanche-x12\/\" \/>\n<meta property=\"og:site_name\" content=\"LA MIE - Bi\u00e8re au pain\" \/>\n<meta property=\"article:modified_time\" content=\"2026-04-26T10:40:18+00:00\" \/>\n<meta property=\"og:image\" content=\"https:\/\/lamiebiere.fr\/wp-content\/uploads\/2024\/01\/blanche.png\" \/>\n\t<meta property=\"og:image:width\" content=\"922\" \/>\n\t<meta property=\"og:image:height\" content=\"1513\" \/>\n\t<meta property=\"og:image:type\" content=\"image\/png\" \/>\n<meta name=\"twitter:card\" content=\"summary_large_image\" \/>\n<script type=\"application\/ld+json\" class=\"yoast-schema-graph\">{\"@context\":\"https:\/\/schema.org\",\"@graph\":[{\"@type\":\"WebPage\",\"@id\":\"https:\/\/lamiebiere.fr\/index.php\/produit\/la-mie-blanche-x12\/\",\"url\":\"https:\/\/lamiebiere.fr\/index.php\/produit\/la-mie-blanche-x12\/\",\"name\":\"La Mie - Blanche x12 - LA MIE - Bi\u00e8re au pain\",\"isPartOf\":{\"@id\":\"https:\/\/lamiebiere.fr\/#website\"},\"primaryImageOfPage\":{\"@id\":\"https:\/\/lamiebiere.fr\/index.php\/produit\/la-mie-blanche-x12\/#primaryimage\"},\"image\":{\"@id\":\"https:\/\/lamiebiere.fr\/index.php\/produit\/la-mie-blanche-x12\/#primaryimage\"},\"thumbnailUrl\":\"https:\/\/lamiebiere.fr\/wp-content\/uploads\/2024\/01\/blanche.png\",\"datePublished\":\"2024-01-30T00:52:36+00:00\",\"dateModified\":\"2026-04-26T10:40:18+00:00\",\"breadcrumb\":{\"@id\":\"https:\/\/lamiebiere.fr\/index.php\/produit\/la-mie-blanche-x12\/#breadcrumb\"},\"inLanguage\":\"fr-FR\",\"potentialAction\":[{\"@type\":\"ReadAction\",\"target\":[\"https:\/\/lamiebiere.fr\/index.php\/produit\/la-mie-blanche-x12\/\"]}]},{\"@type\":\"ImageObject\",\"inLanguage\":\"fr-FR\",\"@id\":\"https:\/\/lamiebiere.fr\/index.php\/produit\/la-mie-blanche-x12\/#primaryimage\",\"url\":\"https:\/\/lamiebiere.fr\/wp-content\/uploads\/2024\/01\/blanche.png\",\"contentUrl\":\"https:\/\/lamiebiere.fr\/wp-content\/uploads\/2024\/01\/blanche.png\",\"width\":922,\"height\":1513},{\"@type\":\"BreadcrumbList\",\"@id\":\"https:\/\/lamiebiere.fr\/index.php\/produit\/la-mie-blanche-x12\/#breadcrumb\",\"itemListElement\":[{\"@type\":\"ListItem\",\"position\":1,\"name\":\"Accueil\",\"item\":\"https:\/\/lamiebiere.fr\/\"},{\"@type\":\"ListItem\",\"position\":2,\"name\":\"Produits\",\"item\":\"https:\/\/lamiebiere.fr\/index.php\/boutique\/\"},{\"@type\":\"ListItem\",\"position\":3,\"name\":\"La Mie &#8211; Blanche x12\"}]},{\"@type\":\"WebSite\",\"@id\":\"https:\/\/lamiebiere.fr\/#website\",\"url\":\"https:\/\/lamiebiere.fr\/\",\"name\":\"LA MIE - Bi\u00e8re au pain\",\"description\":\"\",\"publisher\":{\"@id\":\"https:\/\/lamiebiere.fr\/#organization\"},\"potentialAction\":[{\"@type\":\"SearchAction\",\"target\":{\"@type\":\"EntryPoint\",\"urlTemplate\":\"https:\/\/lamiebiere.fr\/?s={search_term_string}\"},\"query-input\":\"required name=search_term_string\"}],\"inLanguage\":\"fr-FR\"},{\"@type\":\"Organization\",\"@id\":\"https:\/\/lamiebiere.fr\/#organization\",\"name\":\"LA MIE - Bi\u00e8re au pain\",\"url\":\"https:\/\/lamiebiere.fr\/\",\"logo\":{\"@type\":\"ImageObject\",\"inLanguage\":\"fr-FR\",\"@id\":\"https:\/\/lamiebiere.fr\/#\/schema\/logo\/image\/\",\"url\":\"https:\/\/lamiebiere.fr\/wp-content\/uploads\/2024\/01\/logo_text_noire.png\",\"contentUrl\":\"https:\/\/lamiebiere.fr\/wp-content\/uploads\/2024\/01\/logo_text_noire.png\",\"width\":461,\"height\":250,\"caption\":\"LA MIE - Bi\u00e8re au pain\"},\"image\":{\"@id\":\"https:\/\/lamiebiere.fr\/#\/schema\/logo\/image\/\"},\"sameAs\":[\"https:\/\/www.instagram.com\/lamiebiere\/\",\"https:\/\/www.linkedin.com\/company\/la-mie-biere\"]}]}<\/script>\n<!-- \/ Yoast SEO plugin. -->","yoast_head_json":{"title":"La Mie - Blanche x12 - LA MIE - Bi\u00e8re au pain","robots":{"index":"index","follow":"follow","max-snippet":"max-snippet:-1","max-image-preview":"max-image-preview:large","max-video-preview":"max-video-preview:-1"},"canonical":"https:\/\/lamiebiere.fr\/index.php\/produit\/la-mie-blanche-x12\/","og_locale":"fr_FR","og_type":"article","og_title":"La Mie - Blanche x12 - LA MIE - Bi\u00e8re au pain","og_description":"Notre bi\u00e8re blanche se d\u00e9guste bien fra\u00eeche et saura sublimer vos journ\u00e9es ensoleill\u00e9es. Ses ar\u00f4mes d\u2019agrumes et ses saveurs acidul\u00e9es [&hellip;]","og_url":"https:\/\/lamiebiere.fr\/index.php\/produit\/la-mie-blanche-x12\/","og_site_name":"LA MIE - Bi\u00e8re au pain","article_modified_time":"2026-04-26T10:40:18+00:00","og_image":[{"width":922,"height":1513,"url":"https:\/\/lamiebiere.fr\/wp-content\/uploads\/2024\/01\/blanche.png","type":"image\/png"}],"twitter_card":"summary_large_image","schema":{"@context":"https:\/\/schema.org","@graph":[{"@type":"WebPage","@id":"https:\/\/lamiebiere.fr\/index.php\/produit\/la-mie-blanche-x12\/","url":"https:\/\/lamiebiere.fr\/index.php\/produit\/la-mie-blanche-x12\/","name":"La Mie - Blanche x12 - LA MIE - Bi\u00e8re au pain","isPartOf":{"@id":"https:\/\/lamiebiere.fr\/#website"},"primaryImageOfPage":{"@id":"https:\/\/lamiebiere.fr\/index.php\/produit\/la-mie-blanche-x12\/#primaryimage"},"image":{"@id":"https:\/\/lamiebiere.fr\/index.php\/produit\/la-mie-blanche-x12\/#primaryimage"},"thumbnailUrl":"https:\/\/lamiebiere.fr\/wp-content\/uploads\/2024\/01\/blanche.png","datePublished":"2024-01-30T00:52:36+00:00","dateModified":"2026-04-26T10:40:18+00:00","breadcrumb":{"@id":"https:\/\/lamiebiere.fr\/index.php\/produit\/la-mie-blanche-x12\/#breadcrumb"},"inLanguage":"fr-FR","potentialAction":[{"@type":"ReadAction","target":["https:\/\/lamiebiere.fr\/index.php\/produit\/la-mie-blanche-x12\/"]}]},{"@type":"ImageObject","inLanguage":"fr-FR","@id":"https:\/\/lamiebiere.fr\/index.php\/produit\/la-mie-blanche-x12\/#primaryimage","url":"https:\/\/lamiebiere.fr\/wp-content\/uploads\/2024\/01\/blanche.png","contentUrl":"https:\/\/lamiebiere.fr\/wp-content\/uploads\/2024\/01\/blanche.png","width":922,"height":1513},{"@type":"BreadcrumbList","@id":"https:\/\/lamiebiere.fr\/index.php\/produit\/la-mie-blanche-x12\/#breadcrumb","itemListElement":[{"@type":"ListItem","position":1,"name":"Accueil","item":"https:\/\/lamiebiere.fr\/"},{"@type":"ListItem","position":2,"name":"Produits","item":"https:\/\/lamiebiere.fr\/index.php\/boutique\/"},{"@type":"ListItem","position":3,"name":"La Mie &#8211; Blanche x12"}]},{"@type":"WebSite","@id":"https:\/\/lamiebiere.fr\/#website","url":"https:\/\/lamiebiere.fr\/","name":"LA MIE - Bi\u00e8re au pain","description":"","publisher":{"@id":"https:\/\/lamiebiere.fr\/#organization"},"potentialAction":[{"@type":"SearchAction","target":{"@type":"EntryPoint","urlTemplate":"https:\/\/lamiebiere.fr\/?s={search_term_string}"},"query-input":"required name=search_term_string"}],"inLanguage":"fr-FR"},{"@type":"Organization","@id":"https:\/\/lamiebiere.fr\/#organization","name":"LA MIE - Bi\u00e8re au pain","url":"https:\/\/lamiebiere.fr\/","logo":{"@type":"ImageObject","inLanguage":"fr-FR","@id":"https:\/\/lamiebiere.fr\/#\/schema\/logo\/image\/","url":"https:\/\/lamiebiere.fr\/wp-content\/uploads\/2024\/01\/logo_text_noire.png","contentUrl":"https:\/\/lamiebiere.fr\/wp-content\/uploads\/2024\/01\/logo_text_noire.png","width":461,"height":250,"caption":"LA MIE - Bi\u00e8re au pain"},"image":{"@id":"https:\/\/lamiebiere.fr\/#\/schema\/logo\/image\/"},"sameAs":["https:\/\/www.instagram.com\/lamiebiere\/","https:\/\/www.linkedin.com\/company\/la-mie-biere"]}]}},"_links":{"self":[{"href":"https:\/\/lamiebiere.fr\/index.php\/wp-json\/wp\/v2\/product\/346","targetHints":{"allow":["GET"]}}],"collection":[{"href":"https:\/\/lamiebiere.fr\/index.php\/wp-json\/wp\/v2\/product"}],"about":[{"href":"https:\/\/lamiebiere.fr\/index.php\/wp-json\/wp\/v2\/types\/product"}],"replies":[{"embeddable":true,"href":"https:\/\/lamiebiere.fr\/index.php\/wp-json\/wp\/v2\/comments?post=346"}],"wp:featuredmedia":[{"embeddable":true,"href":"https:\/\/lamiebiere.fr\/index.php\/wp-json\/wp\/v2\/media\/941"}],"wp:attachment":[{"href":"https:\/\/lamiebiere.fr\/index.php\/wp-json\/wp\/v2\/media?parent=346"}],"wp:term":[{"taxonomy":"product_cat","embeddable":true,"href":"https:\/\/lamiebiere.fr\/index.php\/wp-json\/wp\/v2\/product_cat?post=346"},{"taxonomy":"product_tag","embeddable":true,"href":"https:\/\/lamiebiere.fr\/index.php\/wp-json\/wp\/v2\/product_tag?post=346"}],"curies":[{"name":"wp","href":"https:\/\/api.w.org\/{rel}","templated":true}]}}